59, 24113
What are the prime factors of 16024860?
2, 3, 5, 127, 701
List the prime factors of 2286091985.
5, 47, 9728051
What are the prime factors of 804680398?
2, 251, 1602949
List the prime factors of 99046341.
3, 3668383
What are the prime factors of 51251531?
19, 141971
What are the prime factors of 478513350?
2, 3, 5, 7, 151909
What are the prime factors of 416967784?
2, 367, 142019
What are the prime factors of 4184039?
31, 139, 971
List the prime factors of 74246838.
2, 3, 229, 54037
What are the prime factors of 5013019067?
7, 263, 2722987
List the prime factors of 35565611.
137, 259603
What are the prime factors of 8710850981?
7, 4789, 5303
List the prime factors of 868317591.
3, 37, 487, 16063
List the prime factors of 1281034617.
3, 427011539
What are the prime factors of 54004878?
2, 3, 19, 8311
List the prime factors of 3429582507.
3, 13, 967, 30313
List the prime factors of 8159302.
2, 4079651
List the prime factors of 1406729492.
2, 7, 37, 223, 6089
What are the prime factors of 67192061?
137, 490453
List the prime factors of 367999587.
3, 109, 375127
List the prime factors of 125016259.
4649, 26891
List the prime factors of 267661882.
2, 251, 533191
List the prime factors of 171257312.
2, 37, 109, 1327
What are the prime factors of 502784541?
3, 7, 1140101
What are the prime factors of 2789017615?
5, 59, 9454297
List the prime factors of 28622281.
23, 1244447
List the prime factors of 1760664413.
113, 617, 25253
What are the prime factors of 38573498?
2, 19286749
What are the prime factors of 208217083?
199, 367, 2851
What are the prime factors of 58077876?
2, 3, 1601, 3023
List the prime factors of 1633823178.
2, 3, 13, 20946451
What are the prime factors of 2844190537?
421, 6755797
List the prime factors of 66986002.
2, 43, 778907
List the prime factors of 26564185.
5, 19, 14717
List the prime factors of 51316622.
2, 7, 523639
List the prime factors of 6198359.
6198359
List the prime factors of 2133319083.
3, 7, 29, 3502987
List the prime factors of 48777320.
2, 5, 1219433
List the prime factors of 1205954315.
5, 53, 4550771
List the prime factors of 39450365.
5, 19, 107, 3881
What are the prime factors of 179929359?
3, 197, 101483
List the prime factors of 1383309627.
3, 7, 61, 1079867
What are the prime factors of 101038577?
1471, 68687
List the prime factors of 412295516.
2, 19, 23, 149, 1583
What are the prime factors of 1532193220?
2, 5, 76609661
What are the prime factors of 1216816198?
2, 13, 107, 437389
List the prime factors of 112877562.
2, 3, 7, 191, 14071
List the prime factors of 96691862.
2, 23, 179, 11743
What are the prime factors of 157631364?
2, 3, 11, 398059
What are the prime factors of 607987287?
3, 67554143
List the prime factors of 26347138.
2, 29, 317, 1433
List the prime factors of 604696452.
2, 3, 997, 50543
What are the prime factors of 2708937415?
5, 29, 227, 82301
List the prime factors of 470312056.
2, 257, 228751
What are the prime factors of 193079519?
2083, 92693
What are the prime factors of 56239959?
3, 1091, 17183
What are the prime factors of 578573091?
3, 2069, 10357
List the prime factors of 1245184686.
2, 3, 17, 1117, 3643
What are the prime factors of 3191766272?
2, 12467837
What are the prime factors of 328796188?
2, 7, 103, 173, 659
List the prime factors of 331508746.
2, 53, 3127441
List the prime factors of 114510307.
23, 4978709
List the prime factors of 8782228126.
2, 7, 41, 991, 15439
What are the prime factors of 213901828?
2, 7, 2081, 3671
What are the prime factors of 4611762475?
5, 13567, 13597
What are the prime factors of 95191202?
2, 47595601
List the prime factors of 99367585.
5, 19873517
List the prime factors of 273752453.
13, 1619837
What are the prime factors of 34323828?
2, 3, 7, 11, 307
List the prime factors of 784485793.
7, 13, 8620723
What are the prime factors of 826661563?
7, 13, 73, 107, 1163
What are the prime factors of 1601229719?
7919, 202201
List the prime factors of 1961195.
5, 392239
What are the prime factors of 268192771?
7, 11, 19, 183317
List the prime factors of 3440920011.
3, 1146973337
List the prime factors of 12227801.
12227801
List the prime factors of 33685800.
2, 3, 5, 23, 2441
What are the prime factors of 346757606?
2, 13, 13336831
What are the prime factors of 972355547?
73, 13319939
What are the prime factors of 103774134?
2, 3, 167, 103567
What are the prime factors of 506155077?
3, 1373, 40961
What are the prime factors of 126122870?
2, 5, 43, 131, 2239
List the prime factors of 36206448.
2, 3, 754301
What are the prime factors of 1858152117?
3, 823, 752593
List the prime factors of 714239051.
19, 37591529
List the prime factors of 3525208986.
2, 3, 13, 641, 70507
What are the prime factors of 695272359?
3, 23, 1613, 6247
List the prime factors of 2307223424.
2, 11, 1638653
What are the prime factors of 537988615?
5, 223, 482501
What are the prime factors of 616593332?
2, 17, 73, 124213
List the prime factors of 1079965326.
2, 3, 11, 101, 162011
List the prime factors of 473588039.
137, 3456847
What are the prime factors of 12189845?
5, 359, 6791
List the prime factors of 65188965.
3, 5, 17, 151, 1693
List the prime factors of 40467884.
2, 10116971
What are the prime factors of 87625622?
2, 7, 894139
What are the prime factors of 841918?
2, 7, 11, 71
List the prime factors of 937075381.
11, 157, 542603
What are the prime factors of 82438192?
2, 5152387
List the prime factors of 1352409004.
2, 359, 881, 1069
List the prime factors of 34885938.
2, 3, 17, 19, 47, 383
List the prime factors of 54510017.
131, 416107
What are the prime factors of 49377218?
2, 11, 59, 109, 349
What are the prime factors of 33329677?
33329677
List the prime factors of 9721967.
1777, 5471
List the prime factors of 21979047.
3, 53, 137, 1009
List the prime factors of 415279004.
2, 7, 3301, 4493
What are the prime factors of 1500938147?
1500938147
What are the prime factors of 30878746?
2, 15439373
List the prime factors of 1854039005.
5, 7, 13, 307, 1021
What are the prime factors of 97310375?
5, 89, 8747
What are the prime factors of 182956512?
2, 3, 1905797
List the prime factors of 166780586.
2, 7, 11912899
List the prime factors of 807854513.
31, 89, 292807
What are the prime factors of 2212661853?
3, 19, 523, 2749
List the prime factors of 38813345.
5, 89, 87221
List the prime factors of 147798755.
5, 13, 2273827
What are the prime factors of 96987999?
3, 32329333
What are the prime factors of 521436299?
73, 431, 16573
What are the prime factors of 7816153250?
2, 5, 23, 1151, 1181
List the prime factors of 438376017.
3, 281, 520019
List the prime factors of 128390676.
2, 3, 19, 563117
List the prime factors of 46350247.
46350247
List the prime factors of 6788064.
2, 3, 70709
List the prime factors of 52356214.
2, 47, 556981
What are the prime factors of 321950337?
3, 107316779
What are the prime factors of 339312548?
2, 84828137
List the prime factors of 31369790.
2, 5, 43, 72953
What are the prime factors of 37291954?
2, 7, 2663711
List the prime factors of 246395148.
2, 3, 73, 281273
List the prime factors of 5269490073.
3, 53, 401, 3061
What are the prime factors of 82010395?
5, 16402079
What are the prime factors of 2352368?
2, 233, 631
List the prime factors of 1111675058.
2, 13, 42756733
List the prime factors of 768865067.
768865067
What are the prime factors of 545669880?
2, 3, 5, 7, 92801
What are the prime factors of 427439239?
427439239
What are the prime factors of 681738227?
283, 2408969
What are the prime factors of 1540712373?
3, 513570791
What are the prime factors of 260510651?
260510651
What are the prime factors of 23149738?
2, 43, 269183
List the prime factors of 933323364.
2, 3, 8641883
List the prime factors of 585061544.
2, 29, 2521817
List the prime factors of 3826513121.
71, 53894551
List the prime factors of 22067420.
2, 5, 1103371
What are the prime factors of 5367316142?
2, 71, 3823, 9887
List the prime factors of 5800967019.
3, 644551891
List the prime factors of 33132584.
2, 4141573
List the prime factors of 106545231.
3, 13, 910643
List the prime factors of 64485976.
2, 491, 16417
List the prime factors of 523891162.
2, 197, 1329673
What are the prime factors of 86382880?
2, 5, 29, 18617
List the prime factors of 957957